{"id":34,"date":"2018-03-21T07:38:49","date_gmt":"2018-03-21T07:38:49","guid":{"rendered":"https:\/\/www.quasar.ro\/quasarind\/?page_id=34"},"modified":"2018-03-21T07:45:49","modified_gmt":"2018-03-21T07:45:49","slug":"contact-us","status":"publish","type":"page","link":"https:\/\/www.quasar.ro\/quasarind\/?page_id=34","title":{"rendered":"Contact Us"},"content":{"rendered":"<style> .entry-title {display: none;} <\/style>\n<p><strong>QUASAR INDUSTRIES<\/strong> este o societate comercial\u00e3 cu capital integral privat \u00eenfiintat\u00e3 \u00een anul 1993 av\u00e2nd ca obiect principal de activitate :<br \/>\n\u2022 producerea de sisteme de usi si ferestre din profil PVC, Al;<br \/>\n\u2022 producerea de geam termopan;<br \/>\n\u2022 producerea de pereti cortin\u00e3, fatade ventilate<\/p>\n<table border=\"0\" width=\"746\" cellspacing=\"1\" cellpadding=\"1\" bgcolor=\"#EBF5F0\">\n<tbody>\n<tr>\n<td bgcolor=\"#66A7FF\" width=\"102\" height=\"21\"><span class=\"style2\">Showroom<\/span><\/td>\n<td bgcolor=\"#66A7FF\" width=\"199\"><span class=\"style2\">Adresa<\/span><\/td>\n<td bgcolor=\"#66A7FF\" width=\"165\"><span class=\"style2\">Adresa e-mail<\/span><\/td>\n<td bgcolor=\"#66A7FF\" width=\"87\"><span class=\"style2\">Agent vanzari<\/span><\/td>\n<td bgcolor=\"#66A7FF\" width=\"86\"><span class=\"style2\">Tel. Fix<\/span><\/td>\n<\/tr>\n<tr>\n<td class=\"contact\" height=\"21\">Birou vinzari<\/td>\n<td class=\"contact\">B-dul 22 Decembrie, Nr. 37, Ulpia Shopping Center<\/td>\n<td class=\"contact\"><a href=\"mailto:office@quasar.ro\">office@quasar.ro<\/a><\/td>\n<td class=\"contact\">Dana Cazacu<\/td>\n<td class=\"contact\">0254\/222999<\/td>\n<\/tr>\n<\/tbody>\n<\/table>\n","protected":false},"excerpt":{"rendered":"<p>QUASAR INDUSTRIES este o societate comercial\u00e3 cu capital integral privat \u00eenfiintat\u00e3 \u00een anul 1993 av\u00e2nd ca obiect principal de activitate : \u2022 producerea de sisteme de usi si ferestre din profil PVC, Al; \u2022 producerea de geam termopan; \u2022 producerea de pereti cortin\u00e3, fatade ventilate Showroom Adresa Adresa e-mail Agent vanzari Tel. Fix Birou vinzari\u2026 <span class=\"read-more\"><a href=\"https:\/\/www.quasar.ro\/quasarind\/?page_id=34\">Read More &raquo;<\/a><\/span><\/p>\n","protected":false},"author":1,"featured_media":0,"parent":0,"menu_order":0,"comment_status":"closed","ping_status":"closed","template":"page-templates\/full-width.php","meta":{"footnotes":""},"class_list":["post-34","page","type-page","status-publish","hentry"],"_links":{"self":[{"href":"https:\/\/www.quasar.ro\/quasarind\/index.php?rest_route=\/wp\/v2\/pages\/34","targetHints":{"allow":["GET"]}}],"collection":[{"href":"https:\/\/www.quasar.ro\/quasarind\/index.php?rest_route=\/wp\/v2\/pages"}],"about":[{"href":"https:\/\/www.quasar.ro\/quasarind\/index.php?rest_route=\/wp\/v2\/types\/page"}],"author":[{"embeddable":true,"href":"https:\/\/www.quasar.ro\/quasarind\/index.php?rest_route=\/wp\/v2\/users\/1"}],"replies":[{"embeddable":true,"href":"https:\/\/www.quasar.ro\/quasarind\/index.php?rest_route=%2Fwp%2Fv2%2Fcomments&post=34"}],"version-history":[{"count":4,"href":"https:\/\/www.quasar.ro\/quasarind\/index.php?rest_route=\/wp\/v2\/pages\/34\/revisions"}],"predecessor-version":[{"id":41,"href":"https:\/\/www.quasar.ro\/quasarind\/index.php?rest_route=\/wp\/v2\/pages\/34\/revisions\/41"}],"wp:attachment":[{"href":"https:\/\/www.quasar.ro\/quasarind\/index.php?rest_route=%2Fwp%2Fv2%2Fmedia&parent=34"}],"curies":[{"name":"wp","href":"https:\/\/api.w.org\/{rel}","templated":true}]}}